q(2).
-12
Let u(b) = 2*b - 4. Determine u(1).
-2
Let n(u) = 2*u**2 - 5*u - 12. What is n(7)?
51
Let y(a) = a**3 - 8*a**2 + 11*a. What is y(3)?
-12
Let x(c) = c**2 - 8*c + 8. What is x(6)?
-4
Let o(u) = u**2 + 7*u - 9. Calculate o(-8).
-1
Let c(g) = -g**3 + 3*g**2 - 3*g. Give c(2).
-2
Let d(x) = -x**3 - 10*x**2 - 7*x + 38. Determine d(-9).
20
Let k(p) = 15*p**2 - 6*p - 7. What is k(-2)?
65
Let i(r) = -r**3 + 7*r**2 - 7*r + 2. What is i(6)?
-4
Let s(r) = -2*r + 8. Determine s(-8).
24
Let i(s) = -s**3 - 5*s**2 - 5*s - 9. Calculate i(-4).
-5
Let q(v) = -8*v - 19. Calculate q(-4).
13
Let p(q) = q**3 + 4*q**2 + 1. Calculate p(-3).
10
Let y(h) = 9*h + 14. Determine y(-2).
-4
Let o(m) = -65*m + 318. Give o(5).
-7
Let r(q) = -q**2 + 8*q - 6. Calculate r(5).
9
Let a(k) = k**2 - 29*k - 102. What is a(32)?
-6
Let y(n) = -n**3 - 6*n**2 - 2*n. Determine y(-4).
-24
Let s(g) = -g**2 + 32*g + 889. Give s(50).
-11
Let u(q) = 2*q + 17. Give u(-7).
3
Let x(z) = -3*z - 28. Give x(-6).
-10
Let y(o) = 8*o - 4. Give y(-4).
-36
Let u(p) = 21*p - 118. Determine u(6).
8
Let h(g) = 12*g - 12. Determine h(-5).
-72
Let v(s) = s**3 + 2*s**2 + s + 1. Give v(-3).
-11
Let q(k) = -8*k**2 + 2*k. What is q(2)?
-28
Let r(o) = -o**3 - 3*o**2 + 5*o - 6. Calculate r(-5).
19
Let f(q) = 4*q**2 + 32*q. Give f(-8).
0
Let k(s) = -s + 8. Give k(8).
0
Let c(x) = 4*x - 11. Calculate c(-6).
-35
Let i(w) = -34*w - 129. Determine i(-4).
7
Let d(g) = -g**2 + 2*g + 4. Give d(-4).
-20
Let h(v) = -v**2 - 16*v - 32. Calculate h(-13).
7
Let x(k) = k + 5. What is x(-4)?
1
Let c(m) = m**3 - 2*m**2 + 3*m - 33. Give c(0).
-33
Let o(l) = 4*l - 12. Determine o(5).
8
Let f(y) = -y**2 - 26*y + 8. What is f(-26)?
8
Let c(x) = -x**2 - 7*x - 3. Determine c(-5).
7
Let y(w) = 2*w - 100. What is y(-25)?
-150
Let c(b) = b**3 - 4*b**2 - 16*b + 7. Give c(-3).
-8
Let n(t) = t**2 - 6*t + 9. Give n(6).
9
Let s(m) = -m**3 - 10*m**2 + 11*m - 5. Give s(-11).
-5
Let h(v) = -v + 28. Give h(0).
28
Let s(q) = q + 2. Calculate s(8).
10
Let l(h) = h**3 + 10*h**2 + 11*h + 14. What is l(-9)?
-4
Let m(v) = -3*v**3 + 4*v**2 - 2*v + 8. Calculate m(3).
-43
Let q(u) = 6*u - 48. What is q(9)?
6
Let s(t) = 5*t - 6. Determine s(10).
44
Let l(c) = 2*c + 7. What is l(-5)?
-3
Let b(p) = -2*p + 41. Give b(12).
17
Let s(h) = -h**3 - 15*h**2 + 18*h + 13. Determine s(-16).
-19
Let x(h) = h**3 - h**2 - h. Determine x(0).
0
Let j(s) = -s**3 - 2*s**2 + 2*s + 4. Give j(3).
-35
Let s(v) = 2*v**2 + 19*v + 57. Calculate s(-4).
13
Let f(b) = 5*b + 3. Determine f(-7).
-32
Let x(s) = 2*s**3 - 9*s**2 + 8*s - 5. Determine x(4).
11
Let s(g) = g**3 - 21*g**2 - 23*g + 48. Calculate s(22).
26
Let d(q) = -7*q - 58. What is d(-17)?
61
Let o(j) = -j**2 - 10*j + 12. Calculate o(-12).
-12
Let o(m) = 3*m**3 + 15*m**2 + 9. Calculate o(-4).
57
Let o(p) = 2*p**2 + 7*p + 12. Give o(-4).
16
Let t(x) = -x**3 - 2*x**2 - 3*x. Calculate t(-3).
18
Let n(z) = z**2 - 9*z. Calculate n(8).
-8
Let i(o) = -15*o - 85. Determine i(-8).
35
Let z(o) = -o**3 - 31*o**2 + 33*o + 38. What is z(-32)?
6
Let p(o) = -5*o**3 - 41*o**2 - 9*o - 10. Calculate p(-8).
-2
Let r(y) = 6*y - 1. Determine r(-4).
-25
Let g(c) = -8*c - 28. What is g(5)?
-68
Let p(s) = -2*s**3 - 29*s**2 - 19*s - 60. Give p(-14).
10
Let h(f) = -f**3 - 7*f**2 - 2*f + 14. Give h(-6).
-10
Let o(v) = -7*v**2 + v - 1. Give o(1).
-7
Let m(i) = 3*i**3 + 4*i**2 + 2*i - 1. What is m(-3)?
-52
Let c(b) = b**3 + 17*b**2 + b + 12. Determine c(-17).
-5
Let q(p) = p**3 - 3*p**2 + 2*p - 10. Give q(3).
-4
Let v(a) = -a**2 - 18*a + 5. What is v(-18)?
5
Let x(m) = -3*m + 2. What is x(2)?
-4
Let v(t) = 6*t + 23. What is v(-5)?
-7
Let z(u) = 60*u**2 - 1. Determine z(1).
59
Let p(v) = -4*v**2 - 111*v + 113. Give p(1).
-2
Let a(z) = z**3 + 4*z**2 - 5*z + 1. Calculate a(-4).
21
Let g(a) = 36*a + 29. Determine g(-1).
-7
Let q(c) = -c**3 + 10*c**2 + 14*c + 23. What is q(12)?
-97
Let b(c) = 24*c + 119. Determine b(-4).
23
Let x(v) = 2*v**2 + 49*v - 31. Give x(-25).
-6
Let m(g) = -5*g**2 - 2*g - 2. Determine m(3).
-53
Let n(x) = -31*x**3 + 2*x**2 - 4*x + 3. What is n(1)?
-30
Let h(f) = f**3 + 19*f**2 - 65*f + 18. Determine h(-22).
-4
Let b(d) = d**2 - 10*d - 12. Calculate b(12).
12
Let y(c) = -c**3 + 10*c**2 - 4*c - 4. Give y(9).
41
Let j(t) = -2*t + 20. Determine j(2).
16
Let v(d) = 4*d + 18. Determine v(-5).
-2
Let c(l) = l**3 + 25*l**2 - 2*l - 45. Calculate c(-25).
5
Let y(b) = -b**3 - 15*b**2 - b + 7. Calculate y(0).
7
Let a(k) = -10*k**2 + 2*k. Determine a(2).
-36
Let x(g) = -3*g**3 + 24*g**2 - 8. Determine x(8).
-8
Let n(j) = -6*j - 3. Calculate n(-1).
3
Let y(p) = 8*p - 14. Give y(4).
18
Let z(n) = -24*n + 17. What is z(3)?
-55
Let b(g) = 4*g - 24. Calculate b(0).
-24
Let i(j) = j**2 + 3. Give i(0).
3
Let p(b) = 7*b - 53. Give p(-10).
-123
Let k(z) = -z + 3. Give k(-12).
15
Let m(j) = -4*j + 18. What is m(3)?
6
Let z(d) = -5*d**2 - 2*d + 9. Give z(-4).
-63
Let c(l) = l + 5. What is c(13)?
18
Let c(b) = 3*b + 11. What is c(8)?
35
Let o(m) = -m**3 + 18*m**2 + 22*m - 62. Calculate o(19).
-5
Let v(i) = -6*i + 7. Give v(1).
1
Let r(d) = 15*d - 7. What is r(-11)?
-172
Let c(y) = 2*y**3 - 8*y**2 - 6*y - 6. Give c(5).
14
Let b(p) = -2*p - 3. Calculate b(-5).
7
Let m(o) = o**3 - 2*o**2 - o - 4. Give m(3).
2
Let h(x) = x**2 - 3*x + 1. Give h(2).
-1
Let o(p) = -p**3 + 26*p**2 + 23*p + 114. Determine o(27).
6
Let q(y) = -3*y**3 - 2*y**2 + 8*y + 6. Calculate q(-3).
45
Let n(k) = 8*k**2 + 81*k - 20. Give n(-10).
-30
Let n(f) = -f**2 - 6*f - 6. Calculate n(-4).
2
Let p(s) = -13*s**3 + 2*s**2 - 3*s - 3. Give p(-1).
15
Let q(x) = -2*x**3 - 4*x**2 + x + 4. Calculate q(-4).
64
Let y(p) = 9*p**2 + 2*p - 2. What is y(-2)?
30
Let y(s) = -s**3 + 15*s**2 + 36*s - 33. Give y(17).
1
Let r(o) = o**2 - 5*o + 1. Give r(4).
-3
Let l(j) = -12*j**2 + 6*j - 6. Determine l(3).
-96
Let h(l) = 211*l**2 + 9*l + 8. Determine h(-1).
210
Let v(x) = x**3 + 2*x - 130. Calculate v(0).
-130
Let p(w) = w**3 - 6*w**2 - 14*w + 6. Calculate p(8).
22
Let d(s) = -s**3 - 3*s**2 + 7*s + 5. What is d(-5)?
20
Let f(o) = -56*o + 295. What is f(5)?
15
Let a(y) = -y**2 - y - 5. Give a(5).
-35
Let h(l) = -2*l - 2. Give h(1).
-4
Let b(g) = -14*g - 9. What is b(3)?
-51
Let r(a) = -2*a**3 - 15*a**2 - 6*a + 6. What is r(-7)?
-1
Let j(k) = -k**3 + 5*k**2 + 12*k + 24. Calculate j(7).
10
Let q(v) = -21*v**2 - 3*v. Give q(-1).
-18
Let y(o) = -o + 8. Calculate y(5).
3
Let p(m) = 186*m**2 + 3*m - 4. Give p(1).
185
Let n(q) = q**2 + 2*q - 62. What is n(-14)?
106
Let b(j) = -2*j**2 + 5*j + 7. Give b(3).
4
Let f(u) = u**3 - 5*u**2 + 4*u + 3. Give f(4).
3
Let r(b) = 8*b + 17. Determine r(-4).
-15
Let v(a) = 136*a**2 + a. Determine v(1).
137
Let q(a) = 3*a**2 + 6*a + 11. What is q(-5)?
56
Let d(r) = r**3 + 9*r**2 + 6*r + 10. Calculate d(-8).
26
Let x(j) = -7*j**2 + 94*j + 10. Determine x(12).
130
Let b(g) = g**3 - 7*g**2 + 2*g + 5. Give b(7).
19
Let h(z) = 6*z - 2. Determine h(-5).
-32
Let y(g) = -g**3 - 10*g**2 + 10*g - 8. Calculate y(-11).
3
Let m(w) = w**2 - w - 9. Give m(0).
-9
Let q(r) = 6*r - 2. Give q(3).
16
Let j(s) = 7*s - 6. Give j(7).
43
Let k(v) = v**2 + 38*v - 43. Calculate k(-39).
-4
Let o(h) = h**3 - 6*h**2 - 3*h + 6. Calculate o(7).
34
Let p(h) = 5*h**2 + 1. Give p(2).
21
Let f(z) = 26*z - 3. Calculate f(0).
-3
Let r(k) = -k**3 - 2*k**2 - 8*k - 11. Calculate r(0).
-11
Let o(r) = -r**3 - 5*r**2 + 7*r - 11. Calculate o(-6).
-17
Let q(z) = -z**2 + 8*z + 6. Give q(8).
6
Let z(f) = 2*f - 9. Calculate z(14).
19
Let r(a) = -a**2 + 50*a - 375. What is r(41)?
-6
Let s(d) = -d**3 - 4*d + 9. Give s(0).
9
Let y(l) = -4*l - 12. Determine y(9).
-48
Let m(r) = -r**3 - 8*r**2 - 16*r - 48. Determine m(-7).
15
Let j(f) = -8*f - 66. What is j(14)?
-178
Let y(m) = m**3 - 10*m**2 - 13*m + 11. Calculate y(11).
-11
Let t(m) = m**3 + 8*m**2 + 3*m - 8. Calculate t(-7).
20
Let a(j) = j**3 + 13*j**2 - 14*j + 5. Give a(-14).
5
Let z(k) = -k**3 + k**2 + k + 1. Give z(3).
-14
Let s(v) = v**3 - v**2 - 5*v - 9. Determine s(-4).
-69
Let j(r) = r**2 + 4*r + 7. What is j(0)?
7
Let v(s) = s**3 - 4*s - 1. What is v(-4)?
-49
Let u(r) = 4*r + 45. Calculate u(-13).
-7
Let v(j) = 2*j**2 + 15*j + 21. Give v(-5).
-4
Let t(z) = -z**2 + 2. Determine t(-6).
-34
Let k(u) = -u**3 + 5*u**2 + 7*u + 2. Determine k(-2).
16
Let o(q) = q**3 + 17*q**2